
-29
Let w(r) = 4*r. Calculate w(3).
12
Let x(q) = q + 14. Determine x(-14).
0
Let h(m) = m**3 - 6*m**2 + 9*m - 10. Calculate h(4).
-6
Let j(s) = 4*s + 3. Determine j(4).
19
Let w(h) = 4*h**2 - 1. Give w(-1).
3
Let v(s) = s**3 + s + 4. Determine v(0).
4
Let d(n) = -17*n + 135. Calculate d(7).
16
Let u(t) = 2*t**2 + 15*t - 19. Determine u(-8).
-11
Let p(a) = -3*a + 5. Give p(-4).
17
Let p(s) = 61*s + 1. Give p(1).
62
Let z(k) = k**2 - 13. Calculate z(0).
-13
Let j(c) = -c**3 + c**2 + c - 83. Calculate j(0).
-83
Let i(o) = -o**3 + 8*o**2 + 7*o + 13. What is i(9)?
-5
Let g(f) = 3*f + 37. What is g(-18)?
-17
Let b(x) = -x**3 + 1. What is b(0)?
1
Let r(y) = -y - 12. Calculate r(8).
-20
Let x(c) = -2*c**3 - 18*c**2 - 2*c - 216. Calculate x(-10).
4
Let p(a) = 2*a**2 + 23*a + 36. What is p(-2)?
-2
Let o(a) = -a**2 - 5*a - 21. Determine o(-4).
-17
Let j(u) = -u**3 - 7*u**2 + 6*u - 19. Give j(-8).
-3
Let h(s) = s - 5. Calculate h(4).
-1
Let q(b) = -b**2 + 31*b - 148. Calculate q(22).
50
Let k(g) = 4*g + 11. Give k(-5).
-9
Let k(d) = 5*d + 4. Determine k(-8).
-36
Let l(t) = 2*t**2 - 52*t + 146. Determine l(23).
8
Let u(y) = -3*y + 7. Determine u(4).
-5
Let c(d) = -d**2 + 14*d + 18. Calculate c(15).
3
Let d(o) = -o**3 + 7*o**2 - 9*o - 7. Determine d(5).
-2
Let m(g) = 23*g - 95. What is m(4)?
-3
Let l(u) = -2*u**2 + 17*u. Calculate l(9).
-9
Let g(u) = -u**3 - 13*u**2 - 12*u + 26. Determine g(-12).
26
Let a(o) = -21*o**3 - 2*o - 1. What is a(-1)?
22
Let x(z) = z**3 + 17*z**2 + 4. Calculate x(-17).
4
Let b(l) = -208*l - 4. What is b(-1)?
204
Let p(y) = -10*y**3 - 2*y**2 + 6*y - 4. Calculate p(1).
-10
Let c(u) = -u**3 - 29*u**2 - 26*u + 42. Determine c(-28).
-14
Let w(h) = 8*h - 52. Give w(7).
4
Let k(j) = 12*j**2 + 30*j + 6. Determine k(-3).
24
Let h(l) = l**3 + 6*l**2 - 1. Calculate h(-6).
-1
Let a(q) = -q**2 + 7*q - 6. What is a(6)?
0
Let n(o) = 2*o**2 - o - 3. What is n(2)?
3
Let n(a) = a**3 + 11*a**2 - 12*a + 2. What is n(-12)?
2
Let d(v) = -28*v - 171. What is d(-7)?
25
Let l(g) = 2*g + 7. Give l(-12).
-17
Let m(g) = -g**3 + 7*g**2 - 8*g + 5. What is m(6)?
-7
Let w(t) = t**3 + 5*t**2 - 4*t - 8. What is w(-5)?
12
Let d(r) = r**3 + 8*r**2 + 11*r + 12. Calculate d(-6).
18
Let c(b) = b**3 + b**2 + 5. What is c(0)?
5
Let i(k) = 5*k - 6. Give i(4).
14
Let b(q) = -q**3 + 7*q**2 - q - 16. Calculate b(7).
-23
Let m(c) = -4*c + 49. Calculate m(12).
1
Let a(x) = 16*x + 2. Give a(-3).
-46
Let o(q) = -q**2 + 16*q + 29. What is o(16)?
29
Let h(i) = -i**3 - 11*i**2 + i + 16. Give h(-11).
5
Let i(j) = -21*j**3 - 2*j**2 + j + 1. Determine i(1).
-21
Let s(o) = o + 15. Determine s(-15).
0
Let l(f) = f**2 + 19*f + 64. Give l(-7).
-20
Let g(m) = m**2 + m - 3. What is g(-4)?
9
Let v(a) = -a**3 + a**2 + 3. What is v(2)?
-1
Let p(m) = 3*m**2 + 2*m + 20. Give p(-5).
85
Let s(y) = -y**3 + 3*y**2 - 4*y + 4. Determine s(3).
-8
Let z(u) = u**2 - u - 8. What is z(0)?
-8
Let j(z) = 2*z**2 - 4*z + 5. What is j(2)?
5
Let y(m) = 2*m**3 - 6*m - 2. Calculate y(-2).
-6
Let h(i) = i**2 - 7*i + 10. Calculate h(7).
10
Let v(n) = -n + 8. Give v(8).
0
Let h(p) = p**3 - 11*p**2 - 14*p + 20. What is h(12)?
-4
Let i(k) = k**3 + 26*k**2 - 56*k + 5. Calculate i(-28).
5
Let b(h) = -2*h**3 + 36*h**2 + 4*h - 71. Determine b(18).
1
Let f(j) = -j - 5. Calculate f(-6).
1
Let b(s) = 2*s**2 - 4*s - 1. Calculate b(6).
47
Let n(h) = -48*h - 4. What is n(1)?
-52
Let b(f) = -f - 6. Calculate b(-16).
10
Let j(l) = 61*l + 496. Give j(-8).
8
Let z(c) = c**3 - 5*c**2 - 4*c - 11. Calculate z(6).
1
Let c(m) = -m**3 + 37. What is c(0)?
37
Let n(x) = 2*x**2 + 4*x - 9. Determine n(2).
7
Let a(u) = -3*u + 42. Calculate a(-3).
51
Let s(i) = -i**2 - 6*i - 3. What is s(-2)?
5
Let a(x) = x**3 - 20*x**2 - 45*x + 14. What is a(22)?
-8
Let b(d) = -10*d**2 - 69*d - 41. Determine b(-6).
13
Let w(v) = -31*v - 249. Give w(-8).
-1
Let d(x) = x**2 - 7*x + 8. What is d(6)?
2
Let r(d) = -d**3 + 7*d**2 + 11*d + 3. Give r(8).
27
Let i(p) = -p + 9. What is i(1)?
8
Let s(p) = -p**2 + 6*p - 11. Give s(6).
-11
Let m(h) = 2*h**2 - 9*h + 7. Give m(6).
25
Let m(n) = -n**2 - 7*n + 11. Calculate m(-6).
17
Let l(f) = -6*f + 35. Give l(5).
5
Let y(z) = 6*z**2 - 8. Determine y(-2).
16
Let y(t) = -2*t**2 - 8*t - 8. Determine y(-7).
-50
Let g(r) = -14*r**2 - 2*r + 2. Give g(-1).
-10
Let b(s) = s**3 + 9*s**2 + 4*s + 4. Calculate b(-9).
-32
Let g(f) = f**3 - 15*f**2 - 30*f - 70. Calculate g(17).
-2
Let o(g) = g**3 + 19*g**2 - 45*g - 76. Determine o(-21).
-13
Let l(k) = -2*k**3 - 20*k**2 + 2*k + 23. What is l(-10)?
3
Let w(v) = -3*v + 32. Give w(7).
11
Let n(x) = x**2 + 17*x - 58. Determine n(-20).
2
Let v(f) = f**3 - 6*f**2 - 2*f - 3. Determine v(6).
-15
Let c(y) = 5*y + 1. Calculate c(5).
26
Let p(s) = 2*s**3 - 69*s**2 + 35*s - 45. Give p(34).
-11
Let j(g) = -4*g. Give j(-4).
16
Let a(z) = z**2 - 21*z + 87. Calculate a(13).
-17
Let v(q) = q + 9. What is v(-11)?
-2
Let f(p) = 28*p**2. Give f(-1).
28
Let t(p) = -2*p**3 + p**2 - 3*p + 3. Determine t(2).
-15
Let u(r) = -r**3 + 5*r**2 - 7*r + 22. What is u(5)?
-13
Let p(t) = -3*t**2 + 13*t - 24. Determine p(2).
-10
Let o(k) = k**2 - 5*k - 312. Calculate o(21).
24
Let h(i) = -2*i + 35. Determine h(16).
3
Let f(t) = -10*t + 61. What is f(5)?
11
Let u(f) = -f**2 - f + 3. What is u(0)?
3
Let i(m) = -m + 1. Calculate i(-1).
2
Let a(h) = -5*h**3 - 2*h**2 + 2*h - 1. What is a(1)?
-6
Let v(y) = -7*y**2 + 6*y - 11. Determine v(4).
-99
Let i(p) = 6*p + 144. Give i(-25).
-6
Let u(k) = 7*k + 19. Determine u(-4).
-9
Let o(r) = -r**3 - r + 59. Give o(0).
59
Let m(j) = 2*j**2 + 4*j - 5. Give m(-7).
65
Let s(a) = a**2 - 5*a - 7. Give s(7).
7
Let m(a) = -a**3 - 10*a**2 + 10*a - 9. What is m(-11)?
2
Let m(q) = -5*q - 33. Give m(-8).
7
Let s(t) = t**2 - 19*t - 14. Calculate s(20).
6
Let t(m) = -m**3 + m**2 - 5*m. Determine t(0).
0
Let h(s) = -s**2 + 4*s - 6. What is h(12)?
-102
Let j(q) = 58*q + 296. What is j(-5)?
6
Let s(l) = l + 9. Calculate s(0).
9
Let c(d) = d + 4. What is c(-5)?
-1
Let d(s) = s**3 + 10*s**2 + 20*s + 95. Give d(-9).
-4
Let u(k) = -k**2 + 9*k - 3. Calculate u(8).
5
Let o(a) = -9*a. Determine o(4).
-36
Let p(m) = 18*m + 29. Calculate p(-2).
-7
Let z(l) = 2*l**2 - 6*l - 3. What is z(7)?
53
Let a(v) = 5*v - 1. Calculate a(-1).
-6
Let j(b) = b**3 - b**2 - 90. Calculate j(0).
-90
Let j(h) = -h**2 + 2*h - 6. Determine j(4).
-14
Let c(o) = 4*o - 40. Calculate c(9).
-4
Let z(m) = -m**2 + 15*m - 21. What is z(12)?
15
Let f(y) = -3*y - 99. What is f(-32)?
-3
Let n(k) = -k**3 + 4*k**2 + 4*k - 3. Determine n(5).
-8
Let q(g) = -5*g**2 + 4*g + 5. What is q(-3)?
-52
Let k(d) = -2*d + 14. Calculate k(5).
4
Let h(m) = -m**3 + 4*m**2 + 5*m - 9. What is h(5)?
-9
Let r(w) = -3*w**2 + 8*w - 2. Determine r(3).
-5
Let r(g) = -g**3 - 5*g**2 - 4*g - 5. Give r(-4).
-5
Let r(t) = -t**2 + 6*t - 12. Calculate r(6).
-12
Let j(z) = -4*z + 29. Give j(-10).
69
Let g(q) = -31*q + 1. Give g(-6).
187
Let s(j) = -2*j**2 + 16*j - 4. Give s(7).
10
Let j(u) = u**3 - 10*u**2 + 20*u - 20. Calculate j(8).
12
Let a(v) = 2*v**2 - 4*v + 4. Give a(-4).
52
Let s(m) = -m**3 - 9*m**2 + 11*m + 10. What is s(-10)?
0
Let u(d) = -19*d - 21. What is u(-1)?
-2
Let a(g) = -2*g**2 + 20*g - 12. What is a(9)?
6
Let u(g) = -g**3 - 7*g**2 + 4*g - 17. Give u(-8).
15
Let x(g) = -22*g - 2. Give x(-2).
42
Let a(q) = 7*q**2 - q - 96. Calculate a(0).
-96
Let o(f) = -2*f**2 - 15*f + 13. Determine o(-8).
5
Let a(w) = w**3 - 6*w**2 - 7*w - 2. What is a(7)?
-2
Let q(p) = -p**2 - 18*p + 79. Calculate q(-22).
-9
Let g(c) = -c**2 + 6*c + 2. Determine g(-11).
-185
Let a(x) = 2*x**3 - 6*x**2 + 2*x + 2. Determine a(2).
-2
Let v(o) = 4*o - 6. Give v(7).
22
Let w(m) = m**2 - 31*m + 24. Give w(30).
-6
Let q(b) = -b**3 + 2*b**2 + 13*b + 1. Give q(5).
-9
Let y(s) = s**3 + 5*s**2 + 3*s + 30. What is y(-6)?
-24
Let f(d) = 7*d - 48. Calculate f(13).
43
Let c(d) = d**3 + 4*d**2 - 6*d - 13. What is c(-4)?
11
Let q(w) = w**3 - 3*w**2 - 1. What is q(-2)?
-21
Let f(t) = t**2 + 18*t - 2. Calculate f(-11).
-79
Let s(u) = -29*u - 181. Give s(-7).
22
Let x(f) = f - 4. Calculate x(-3).
-7
Let n(c) = -c**3 - 5*c**2 - 2*c + 2. Determine n(-2).
-6
Let z(f) = -f + 16. Give z(9).
7
Let v(c) = 2*c**3 + 15*c**2 - 8*c - 1. Determine v(-8).
-1
Let l(u) = u**3 + 17*u**2 - 22*u - 67. Determine l(-18).
5
L